{"id":4194,"date":"2021-02-12T09:18:43","date_gmt":"2021-02-12T06:18:43","guid":{"rendered":"https:\/\/acarkereste.com\/?page_id=4194"},"modified":"2021-02-12T09:39:11","modified_gmt":"2021-02-12T06:39:11","slug":"belgelerimiz","status":"publish","type":"page","link":"https:\/\/acarkereste.com\/?page_id=4194","title":{"rendered":"Belgelerimiz"},"content":{"rendered":"<h2>Acar Orman \u00dcr\u00fcnleri<\/h2>\n<h2>Belgeler<\/h2>\n<p>Acar Orman \u00dcr\u00fcnleri&#8217;ne ait marka tescil belgesinin b\u00fcy\u00fck halini g\u00f6rmek isterseniz, \u00fczerine t\u0131klayarak b\u00fcy\u00fctebilirsiniz. Te\u015fekk\u00fcr ederiz.<\/p>\n<h2><b>Marka Tescili<\/b><\/h2>\n<p>Acar Orman Lambri&amp;Kereste \u00dcr\u00fcnleri\u00a0 &#8220;T\u00fcrkiye Cumhuriyeti, T\u00fcrk Patent ve Marka Kurumu&#8221; taraf\u0131ndan, resmi makamlar\u0131n imzalar\u0131yla &#8220;Acar Orman &#8211; Lambri, Osb Levha, Plywood Pergole &amp; Kereste \u00dcr\u00fcnleri&#8221; ad\u0131na tescil belgesi olarak verilmi\u015ftir.<\/p>\n<p><a href=\"https:\/\/acarkereste.com\/wp-content\/uploads\/2021\/02\/acar-orman-marka-tescil-belgesi.jpg\"><img loading=\"lazy\" decoding=\"async\" class=\"alignleft wp-image-4195 size-medium\" src=\"https:\/\/acarkereste.com\/wp-content\/uploads\/2021\/02\/acar-orman-marka-tescil-belgesi-195x300.jpg\" alt=\"Belgelerimiz: Acar Orman Marka Tescil Belgesi\" width=\"195\" height=\"300\" srcset=\"https:\/\/acarkereste.com\/wp-content\/uploads\/2021\/02\/acar-orman-marka-tescil-belgesi-195x300.jpg 195w, https:\/\/acarkereste.com\/wp-content\/uploads\/2021\/02\/acar-orman-marka-tescil-belgesi-665x1024.jpg 665w, https:\/\/acarkereste.com\/wp-content\/uploads\/2021\/02\/acar-orman-marka-tescil-belgesi-768x1183.jpg 768w, https:\/\/acarkereste.com\/wp-content\/uploads\/2021\/02\/acar-orman-marka-tescil-belgesi-997x1536.jpg 997w, https:\/\/acarkereste.com\/wp-content\/uploads\/2021\/02\/acar-orman-marka-tescil-belgesi.jpg 1039w\" sizes=\"auto, (max-width: 195px) 100vw, 195px\" \/><\/a><\/p>\n","protected":false},"excerpt":{"rendered":"<p>Acar Orman \u00dcr\u00fcnleri Belgeler Acar Orman \u00dcr\u00fcnleri&#8217;ne ait marka tescil belgesinin b\u00fcy\u00fck halini g\u00f6rmek isterseniz, \u00fczerine t\u0131klayarak b\u00fcy\u00fctebilirsiniz. Te\u015fekk\u00fcr ederiz. Marka Tescili Acar Orman Lambri&amp;Kereste \u00dcr\u00fcnleri\u00a0 &#8220;T\u00fcrkiye Cumhuriyeti, T\u00fcrk Patent ve Marka Kurumu&#8221; taraf\u0131ndan, resmi makamlar\u0131n imzalar\u0131yla &#8220;Acar Orman &#8211; Lambri, Osb Levha, Plywood Pergole &amp; Kereste \u00dcr\u00fcnleri&#8221; ad\u0131na tescil belgesi olarak verilmi\u015ftir.<\/p>\n","protected":false},"author":14,"featured_media":0,"parent":0,"menu_order":26,"comment_status":"closed","ping_status":"closed","template":"","meta":{"_joinchat":[],"footnotes":""},"class_list":["post-4194","page","type-page","status-publish","hentry"],"acf":[],"yoast_head":"<!-- This site is optimized with the Yoast SEO plugin v23.0 - https:\/\/yoast.com\/wordpress\/plugins\/seo\/ -->\n<title>Belgelerimiz: Acar Orman Marka Tescil Belgesi<\/title>\n<meta name=\"description\" content=\"Acar Orman \u00dcr\u00fcnleri&#039;ne ait marka tescil belgesinin b\u00fcy\u00fck halini g\u00f6rmek isterseniz, \u00fczerine t\u0131klayarak b\u00fcy\u00fctebilirsiniz.\" \/>\n<meta name=\"robots\" content=\"index, follow, max-snippet:-1, max-image-preview:large, max-video-preview:-1\" \/>\n<link rel=\"canonical\" href=\"https:\/\/acarkereste.com\/?page_id=4194\" \/>\n<meta property=\"og:locale\" content=\"tr_TR\" \/>\n<meta property=\"og:type\" content=\"article\" \/>\n<meta property=\"og:title\" content=\"Belgelerimiz: Acar Orman Marka Tescil Belgesi\" \/>\n<meta property=\"og:description\" content=\"Acar Orman \u00dcr\u00fcnleri&#039;ne ait marka tescil belgesinin b\u00fcy\u00fck halini g\u00f6rmek isterseniz, \u00fczerine t\u0131klayarak b\u00fcy\u00fctebilirsiniz.\" \/>\n<meta property=\"og:url\" content=\"https:\/\/acarkereste.com\/?page_id=4194\" \/>\n<meta property=\"og:site_name\" content=\"Acar Orman\" \/>\n<meta property=\"article:modified_time\" content=\"2021-02-12T06:39:11+00:00\" \/>\n<meta property=\"og:image\" content=\"https:\/\/acarkereste.com\/wp-content\/uploads\/2021\/02\/acar-orman-marka-tescil-belgesi-195x300.jpg\" \/>\n<meta name=\"twitter:label1\" content=\"Tahmini okuma s\u00fcresi\" \/>\n\t<meta name=\"twitter:data1\" content=\"1 dakika\" \/>\n<script type=\"application\/ld+json\" class=\"yoast-schema-graph\">{\"@context\":\"https:\/\/schema.org\",\"@graph\":[{\"@type\":\"WebPage\",\"@id\":\"https:\/\/acarkereste.com\/?page_id=4194\",\"url\":\"https:\/\/acarkereste.com\/?page_id=4194\",\"name\":\"Belgelerimiz: Acar Orman Marka Tescil Belgesi\",\"isPartOf\":{\"@id\":\"https:\/\/acarkereste.com\/#website\"},\"primaryImageOfPage\":{\"@id\":\"https:\/\/acarkereste.com\/?page_id=4194#primaryimage\"},\"image\":{\"@id\":\"https:\/\/acarkereste.com\/?page_id=4194#primaryimage\"},\"thumbnailUrl\":\"https:\/\/acarkereste.com\/wp-content\/uploads\/2021\/02\/acar-orman-marka-tescil-belgesi-195x300.jpg\",\"datePublished\":\"2021-02-12T06:18:43+00:00\",\"dateModified\":\"2021-02-12T06:39:11+00:00\",\"description\":\"Acar Orman \u00dcr\u00fcnleri'ne ait marka tescil belgesinin b\u00fcy\u00fck halini g\u00f6rmek isterseniz, \u00fczerine t\u0131klayarak b\u00fcy\u00fctebilirsiniz.\",\"breadcrumb\":{\"@id\":\"https:\/\/acarkereste.com\/?page_id=4194#breadcrumb\"},\"inLanguage\":\"tr\",\"potentialAction\":[{\"@type\":\"ReadAction\",\"target\":[\"https:\/\/acarkereste.com\/?page_id=4194\"]}]},{\"@type\":\"ImageObject\",\"inLanguage\":\"tr\",\"@id\":\"https:\/\/acarkereste.com\/?page_id=4194#primaryimage\",\"url\":\"https:\/\/acarkereste.com\/wp-content\/uploads\/2021\/02\/acar-orman-marka-tescil-belgesi.jpg\",\"contentUrl\":\"https:\/\/acarkereste.com\/wp-content\/uploads\/2021\/02\/acar-orman-marka-tescil-belgesi.jpg\",\"width\":1039,\"height\":1600},{\"@type\":\"BreadcrumbList\",\"@id\":\"https:\/\/acarkereste.com\/?page_id=4194#breadcrumb\",\"itemListElement\":[{\"@type\":\"ListItem\",\"position\":1,\"name\":\"Ana Sayfa\",\"item\":\"https:\/\/acarkereste.com\/\"},{\"@type\":\"ListItem\",\"position\":2,\"name\":\"Belgelerimiz\"}]},{\"@type\":\"WebSite\",\"@id\":\"https:\/\/acarkereste.com\/#website\",\"url\":\"https:\/\/acarkereste.com\/\",\"name\":\"Acar Orman\",\"description\":\"Lambri &amp; Kereste \u00dcr\u00fcnleri\",\"publisher\":{\"@id\":\"https:\/\/acarkereste.com\/#organization\"},\"potentialAction\":[{\"@type\":\"SearchAction\",\"target\":{\"@type\":\"EntryPoint\",\"urlTemplate\":\"https:\/\/acarkereste.com\/?s={search_term_string}\"},\"query-input\":\"required name=search_term_string\"}],\"inLanguage\":\"tr\"},{\"@type\":\"Organization\",\"@id\":\"https:\/\/acarkereste.com\/#organization\",\"name\":\"G\u00fcner Oto\",\"url\":\"https:\/\/acarkereste.com\/\",\"logo\":{\"@type\":\"ImageObject\",\"inLanguage\":\"tr\",\"@id\":\"https:\/\/acarkereste.com\/#\/schema\/logo\/image\/\",\"url\":\"\",\"contentUrl\":\"\",\"caption\":\"G\u00fcner Oto\"},\"image\":{\"@id\":\"https:\/\/acarkereste.com\/#\/schema\/logo\/image\/\"}}]}<\/script>\n<!-- \/ Yoast SEO plugin. -->","yoast_head_json":{"title":"Belgelerimiz: Acar Orman Marka Tescil Belgesi","description":"Acar Orman \u00dcr\u00fcnleri'ne ait marka tescil belgesinin b\u00fcy\u00fck halini g\u00f6rmek isterseniz, \u00fczerine t\u0131klayarak b\u00fcy\u00fctebilirsiniz.","robots":{"index":"index","follow":"follow","max-snippet":"max-snippet:-1","max-image-preview":"max-image-preview:large","max-video-preview":"max-video-preview:-1"},"canonical":"https:\/\/acarkereste.com\/?page_id=4194","og_locale":"tr_TR","og_type":"article","og_title":"Belgelerimiz: Acar Orman Marka Tescil Belgesi","og_description":"Acar Orman \u00dcr\u00fcnleri'ne ait marka tescil belgesinin b\u00fcy\u00fck halini g\u00f6rmek isterseniz, \u00fczerine t\u0131klayarak b\u00fcy\u00fctebilirsiniz.","og_url":"https:\/\/acarkereste.com\/?page_id=4194","og_site_name":"Acar Orman","article_modified_time":"2021-02-12T06:39:11+00:00","og_image":[{"url":"https:\/\/acarkereste.com\/wp-content\/uploads\/2021\/02\/acar-orman-marka-tescil-belgesi-195x300.jpg"}],"twitter_misc":{"Tahmini okuma s\u00fcresi":"1 dakika"},"schema":{"@context":"https:\/\/schema.org","@graph":[{"@type":"WebPage","@id":"https:\/\/acarkereste.com\/?page_id=4194","url":"https:\/\/acarkereste.com\/?page_id=4194","name":"Belgelerimiz: Acar Orman Marka Tescil Belgesi","isPartOf":{"@id":"https:\/\/acarkereste.com\/#website"},"primaryImageOfPage":{"@id":"https:\/\/acarkereste.com\/?page_id=4194#primaryimage"},"image":{"@id":"https:\/\/acarkereste.com\/?page_id=4194#primaryimage"},"thumbnailUrl":"https:\/\/acarkereste.com\/wp-content\/uploads\/2021\/02\/acar-orman-marka-tescil-belgesi-195x300.jpg","datePublished":"2021-02-12T06:18:43+00:00","dateModified":"2021-02-12T06:39:11+00:00","description":"Acar Orman \u00dcr\u00fcnleri'ne ait marka tescil belgesinin b\u00fcy\u00fck halini g\u00f6rmek isterseniz, \u00fczerine t\u0131klayarak b\u00fcy\u00fctebilirsiniz.","breadcrumb":{"@id":"https:\/\/acarkereste.com\/?page_id=4194#breadcrumb"},"inLanguage":"tr","potentialAction":[{"@type":"ReadAction","target":["https:\/\/acarkereste.com\/?page_id=4194"]}]},{"@type":"ImageObject","inLanguage":"tr","@id":"https:\/\/acarkereste.com\/?page_id=4194#primaryimage","url":"https:\/\/acarkereste.com\/wp-content\/uploads\/2021\/02\/acar-orman-marka-tescil-belgesi.jpg","contentUrl":"https:\/\/acarkereste.com\/wp-content\/uploads\/2021\/02\/acar-orman-marka-tescil-belgesi.jpg","width":1039,"height":1600},{"@type":"BreadcrumbList","@id":"https:\/\/acarkereste.com\/?page_id=4194#breadcrumb","itemListElement":[{"@type":"ListItem","position":1,"name":"Ana Sayfa","item":"https:\/\/acarkereste.com\/"},{"@type":"ListItem","position":2,"name":"Belgelerimiz"}]},{"@type":"WebSite","@id":"https:\/\/acarkereste.com\/#website","url":"https:\/\/acarkereste.com\/","name":"Acar Orman","description":"Lambri &amp; Kereste \u00dcr\u00fcnleri","publisher":{"@id":"https:\/\/acarkereste.com\/#organization"},"potentialAction":[{"@type":"SearchAction","target":{"@type":"EntryPoint","urlTemplate":"https:\/\/acarkereste.com\/?s={search_term_string}"},"query-input":"required name=search_term_string"}],"inLanguage":"tr"},{"@type":"Organization","@id":"https:\/\/acarkereste.com\/#organization","name":"G\u00fcner Oto","url":"https:\/\/acarkereste.com\/","logo":{"@type":"ImageObject","inLanguage":"tr","@id":"https:\/\/acarkereste.com\/#\/schema\/logo\/image\/","url":"","contentUrl":"","caption":"G\u00fcner Oto"},"image":{"@id":"https:\/\/acarkereste.com\/#\/schema\/logo\/image\/"}}]}},"_links":{"self":[{"href":"https:\/\/acarkereste.com\/index.php?rest_route=\/wp\/v2\/pages\/4194","targetHints":{"allow":["GET"]}}],"collection":[{"href":"https:\/\/acarkereste.com\/index.php?rest_route=\/wp\/v2\/pages"}],"about":[{"href":"https:\/\/acarkereste.com\/index.php?rest_route=\/wp\/v2\/types\/page"}],"author":[{"embeddable":true,"href":"https:\/\/acarkereste.com\/index.php?rest_route=\/wp\/v2\/users\/14"}],"replies":[{"embeddable":true,"href":"https:\/\/acarkereste.com\/index.php?rest_route=%2Fwp%2Fv2%2Fcomments&post=4194"}],"version-history":[{"count":0,"href":"https:\/\/acarkereste.com\/index.php?rest_route=\/wp\/v2\/pages\/4194\/revisions"}],"wp:attachment":[{"href":"https:\/\/acarkereste.com\/index.php?rest_route=%2Fwp%2Fv2%2Fmedia&parent=4194"}],"curies":[{"name":"wp","href":"https:\/\/api.w.org\/{rel}","templated":true}]}}