{"id":4151,"date":"2021-01-27T17:24:11","date_gmt":"2021-01-27T14:24:11","guid":{"rendered":"https:\/\/acarkereste.com\/?page_id=4151"},"modified":"2022-09-07T17:18:57","modified_gmt":"2022-09-07T14:18:57","slug":"alin-tahtasi","status":"publish","type":"page","link":"https:\/\/acarkereste.com\/?page_id=4151","title":{"rendered":"Al\u0131n Tahtas\u0131"},"content":{"rendered":"<h1>Al\u0131n Tahtas\u0131 Nedir? Nerede Kullan\u0131l\u0131r?<\/h1>\n<p>Al\u0131n tahtas\u0131, bir ah\u015fap sa\u00e7akta merteklerin u\u00e7lar\u0131n\u0131 birle\u015ftiren yani sa\u00e7a\u011f\u0131n aln\u0131na boydan boya yerle\u015ftirilen tahtad\u0131r. Al\u0131n tahtas\u0131, binalar\u0131n d\u0131\u015f cephelerinde, kamelya ve verandalarda, sa\u00e7ak altlar\u0131nda, \u00e7ardak \u00e7evrelerini kapatmak i\u00e7in kullan\u0131lan bir \u00fcr\u00fcnd\u00fcr.<\/p>\n<h2>Uygulama Alanlar\u0131<\/h2>\n<p>\u0130stenilen t\u00fcm ebatlarda al\u0131n tahtas\u0131 \u00fcretimi sa\u011flamaktay\u0131z.<\/p>\n<p>Al\u0131n Tahta modellerinin genel anlamda d\u0131\u015f cephelerde kullan\u0131lmakt\u0131r.<\/p>\n<h2>Al\u0131n Tahtas\u0131<\/h2>\n<p>Al\u0131n Tahta hizmeti konusunda alan\u0131nda uzman deneyimli ekibimiz ile hizmetinizdeyiz.<\/p>\n<p>Siz de\u011ferli m\u00fc\u015fterilerimizin isteklerini m\u00fcmk\u00fcn oldu\u011funca h\u0131zl\u0131 s\u00fcrede yerine getirmek en temel hedefimiz.<\/p>\n<p>Her ge\u00e7en g\u00fcn b\u00fcy\u00fcyor daha azimli bir \u015fekilde kaliteli ve g\u00fcvenilir hizmetlerimiz ile m\u00fc\u015fterilerimizin memnuniyetini \u00f6n planda tutuyoruz.<\/p>\n<h3>Kullan\u0131m Alanlar\u0131<\/h3>\n<ul>\n<li>D\u0131\u015f Cephelerde<\/li>\n<li>Kamelya<\/li>\n<li>Veranda<\/li>\n<li>Kullan\u0131ma Uygun Alanlar<\/li>\n<\/ul>\n<p><em>Sekt\u00f6rlerle birlikte amat\u00f6r olarak kendisine ah\u015fap \u00fcr\u00fcnlerden do\u011fal olarak malzemeler <\/em><br \/>\n<em>yapmak isteyen ki\u015filer i\u00e7in uygun \u00fcr\u00fcn \u00e7e\u015fitlerimiz ve modellerimiz bulunmaktad\u0131r.<\/em><\/p>\n<p>Fabrikam\u0131z i\u00e7erisinde \u00fcretilen \u00fcr\u00fcnler sert, dayan\u0131kl\u0131, kolay y\u0131pranmayan yap\u0131s\u0131 ile \u00f6n plana \u00e7\u0131kmaktad\u0131r.<br \/>\nuzun \u00f6m\u00fcrl\u00fc olmas\u0131 sayesinde iste\u011fe ve amac\u0131n\u0131za uygun \u015fekilde kullan\u0131labilir<\/p>\n<h4>Teslimat \u0130\u015flemleri<\/h4>\n<p>Aktif ve s\u00fcrekli \u00e7al\u0131\u015ft\u0131\u011f\u0131m\u0131z m\u00fc\u015fterilerimizin kargo i\u015flemleri Acar Orman \u00dcr\u00fcnleri taraf\u0131ndan kar\u015f\u0131lanmaktad\u0131r.<br \/>\nTek seferlik al\u0131nan hizmetlerde m\u00fc\u015fterimiz teslimat i\u015flemini kendisi sa\u011flamaktad\u0131r.<\/p>\n<h3>Fiyat Bilgisi<\/h3>\n<p><strong><a href=\"https:\/\/acarkereste.com\/iletisim\">Fiyat bilgisi i\u00e7in l\u00fctfen bizimle ileti\u015fime ge\u00e7in. Her \u00f6l\u00e7\u00fcye \u00f6zel fiyatland\u0131rma yapmaktay\u0131z.<\/a><\/strong><\/p>\n<h3>\u00dcr\u00fcn G\u00f6rselleri<\/h3>\n<div id=\"kpm-root\" class=\"kpm_LTR\"><div class=\"row gallery\"><div class=\"small-photo col-sm-3 col-xs-6\">\n                            <div class=\"photo-wrap\">\n                                <img decoding=\"async\" src=\"https:\/\/acarkereste.com\/wp-content\/uploads\/2022\/09\/IMG_4740-201x144.jpg\">\n\t\t\t\t\t\t\t\t<div class=\"wrap-gallery\">\n\t\t\t\t\t\t\t\t  <div class=\"gallery-info\">B\u00dcY\u00dcT<span class=\"glyphicon glyphicon-fullscreen\" aria-hidden=\"true\"><\/span><\/div> \n\t\t\t\t\t\t\t\t  <a data-fancybox=\"gallery\" href=\"https:\/\/acarkereste.com\/wp-content\/uploads\/2022\/09\/IMG_4740-scaled.jpg\" class=\"mask\"><\/a>\n\t\t\t\t\t\t\t\t<\/div>\n                            <\/div>  \n                        <\/div><div class=\"small-photo col-sm-3 col-xs-6\">\n                            <div class=\"photo-wrap\">\n                                <img decoding=\"async\" src=\"https:\/\/acarkereste.com\/wp-content\/uploads\/2021\/01\/alin-tahtasi-201x144.jpeg\">\n\t\t\t\t\t\t\t\t<div class=\"wrap-gallery\">\n\t\t\t\t\t\t\t\t  <div class=\"gallery-info\">B\u00dcY\u00dcT<span class=\"glyphicon glyphicon-fullscreen\" aria-hidden=\"true\"><\/span><\/div> \n\t\t\t\t\t\t\t\t  <a data-fancybox=\"gallery\" href=\"https:\/\/acarkereste.com\/wp-content\/uploads\/2021\/01\/alin-tahtasi.jpeg\" class=\"mask\"><\/a>\n\t\t\t\t\t\t\t\t<\/div>\n                            <\/div>  \n                        <\/div><\/div><\/div>\n","protected":false},"excerpt":{"rendered":"<p>Al\u0131n Tahtas\u0131 \u00fcr\u00fcn\u00fcm\u00fcz belirlenmi\u015f \u00f6l\u00e7\u00fclerde adet olarak sat\u0131lmakta olup istedi\u011finiz adette bulunmaktad\u0131r.\u00a0Fiyat teklifi al.<\/p>\n","protected":false},"author":14,"featured_media":4158,"parent":32,"menu_order":15,"comment_status":"closed","ping_status":"closed","template":"page-service.php","meta":{"_joinchat":[],"footnotes":""},"class_list":["post-4151","page","type-page","status-publish","has-post-thumbnail","hentry"],"acf":[],"yoast_head":"<!-- This site is optimized with the Yoast SEO plugin v23.0 - https:\/\/yoast.com\/wordpress\/plugins\/seo\/ -->\n<title>Al\u0131n Tahtas\u0131 - Acar Orman \u00dcr\u00fcnleri<\/title>\n<meta name=\"description\" content=\"Al\u0131n Tahtas\u0131 \u00fcr\u00fcn\u00fcm\u00fcz belirlenmi\u015f \u00f6l\u00e7\u00fclerde adet olarak sat\u0131lmakta olup istedi\u011finiz adette bulunmaktad\u0131r.\u00a0Fiyat teklifi al.\" \/>\n<meta name=\"robots\" content=\"index, follow, max-snippet:-1, max-image-preview:large, max-video-preview:-1\" \/>\n<link rel=\"canonical\" href=\"https:\/\/acarkereste.com\/?page_id=4151\" \/>\n<meta property=\"og:locale\" content=\"tr_TR\" \/>\n<meta property=\"og:type\" content=\"article\" \/>\n<meta property=\"og:title\" content=\"Al\u0131n Tahtas\u0131 - Acar Orman \u00dcr\u00fcnleri\" \/>\n<meta property=\"og:description\" content=\"Al\u0131n Tahtas\u0131 \u00fcr\u00fcn\u00fcm\u00fcz belirlenmi\u015f \u00f6l\u00e7\u00fclerde adet olarak sat\u0131lmakta olup istedi\u011finiz adette bulunmaktad\u0131r.\u00a0Fiyat teklifi al.\" \/>\n<meta property=\"og:url\" content=\"https:\/\/acarkereste.com\/?page_id=4151\" \/>\n<meta property=\"og:site_name\" content=\"Acar Orman\" \/>\n<meta property=\"article:modified_time\" content=\"2022-09-07T14:18:57+00:00\" \/>\n<meta property=\"og:image\" content=\"https:\/\/acarkereste.com\/wp-content\/uploads\/2021\/01\/alin-tahtasi-3.jpg\" \/>\n\t<meta property=\"og:image:width\" content=\"1080\" \/>\n\t<meta property=\"og:image:height\" content=\"1080\" \/>\n\t<meta property=\"og:image:type\" content=\"image\/jpeg\" \/>\n<meta name=\"twitter:label1\" content=\"Tahmini okuma s\u00fcresi\" \/>\n\t<meta name=\"twitter:data1\" content=\"1 dakika\" \/>\n<script type=\"application\/ld+json\" class=\"yoast-schema-graph\">{\"@context\":\"https:\/\/schema.org\",\"@graph\":[{\"@type\":\"WebPage\",\"@id\":\"https:\/\/acarkereste.com\/?page_id=4151\",\"url\":\"https:\/\/acarkereste.com\/?page_id=4151\",\"name\":\"Al\u0131n Tahtas\u0131 - Acar Orman \u00dcr\u00fcnleri\",\"isPartOf\":{\"@id\":\"https:\/\/acarkereste.com\/#website\"},\"primaryImageOfPage\":{\"@id\":\"https:\/\/acarkereste.com\/?page_id=4151#primaryimage\"},\"image\":{\"@id\":\"https:\/\/acarkereste.com\/?page_id=4151#primaryimage\"},\"thumbnailUrl\":\"https:\/\/acarkereste.com\/wp-content\/uploads\/2021\/01\/alin-tahtasi-3.jpg\",\"datePublished\":\"2021-01-27T14:24:11+00:00\",\"dateModified\":\"2022-09-07T14:18:57+00:00\",\"description\":\"Al\u0131n Tahtas\u0131 \u00fcr\u00fcn\u00fcm\u00fcz belirlenmi\u015f \u00f6l\u00e7\u00fclerde adet olarak sat\u0131lmakta olup istedi\u011finiz adette bulunmaktad\u0131r.\u00a0Fiyat teklifi al.\",\"breadcrumb\":{\"@id\":\"https:\/\/acarkereste.com\/?page_id=4151#breadcrumb\"},\"inLanguage\":\"tr\",\"potentialAction\":[{\"@type\":\"ReadAction\",\"target\":[\"https:\/\/acarkereste.com\/?page_id=4151\"]}]},{\"@type\":\"ImageObject\",\"inLanguage\":\"tr\",\"@id\":\"https:\/\/acarkereste.com\/?page_id=4151#primaryimage\",\"url\":\"https:\/\/acarkereste.com\/wp-content\/uploads\/2021\/01\/alin-tahtasi-3.jpg\",\"contentUrl\":\"https:\/\/acarkereste.com\/wp-content\/uploads\/2021\/01\/alin-tahtasi-3.jpg\",\"width\":1080,\"height\":1080,\"caption\":\"Al\u0131n Tahtas\u0131 Kapak G\u00f6rseli\"},{\"@type\":\"BreadcrumbList\",\"@id\":\"https:\/\/acarkereste.com\/?page_id=4151#breadcrumb\",\"itemListElement\":[{\"@type\":\"ListItem\",\"position\":1,\"name\":\"Ana Sayfa\",\"item\":\"https:\/\/acarkereste.com\/\"},{\"@type\":\"ListItem\",\"position\":2,\"name\":\"\u00dcr\u00fcnler\",\"item\":\"https:\/\/acarkereste.com\/?page_id=32\"},{\"@type\":\"ListItem\",\"position\":3,\"name\":\"Al\u0131n Tahtas\u0131\"}]},{\"@type\":\"WebSite\",\"@id\":\"https:\/\/acarkereste.com\/#website\",\"url\":\"https:\/\/acarkereste.com\/\",\"name\":\"Acar Orman\",\"description\":\"Lambri &amp; Kereste \u00dcr\u00fcnleri\",\"publisher\":{\"@id\":\"https:\/\/acarkereste.com\/#organization\"},\"potentialAction\":[{\"@type\":\"SearchAction\",\"target\":{\"@type\":\"EntryPoint\",\"urlTemplate\":\"https:\/\/acarkereste.com\/?s={search_term_string}\"},\"query-input\":\"required name=search_term_string\"}],\"inLanguage\":\"tr\"},{\"@type\":\"Organization\",\"@id\":\"https:\/\/acarkereste.com\/#organization\",\"name\":\"G\u00fcner Oto\",\"url\":\"https:\/\/acarkereste.com\/\",\"logo\":{\"@type\":\"ImageObject\",\"inLanguage\":\"tr\",\"@id\":\"https:\/\/acarkereste.com\/#\/schema\/logo\/image\/\",\"url\":\"\",\"contentUrl\":\"\",\"caption\":\"G\u00fcner Oto\"},\"image\":{\"@id\":\"https:\/\/acarkereste.com\/#\/schema\/logo\/image\/\"}}]}<\/script>\n<!-- \/ Yoast SEO plugin. -->","yoast_head_json":{"title":"Al\u0131n Tahtas\u0131 - Acar Orman \u00dcr\u00fcnleri","description":"Al\u0131n Tahtas\u0131 \u00fcr\u00fcn\u00fcm\u00fcz belirlenmi\u015f \u00f6l\u00e7\u00fclerde adet olarak sat\u0131lmakta olup istedi\u011finiz adette bulunmaktad\u0131r.\u00a0Fiyat teklifi al.","robots":{"index":"index","follow":"follow","max-snippet":"max-snippet:-1","max-image-preview":"max-image-preview:large","max-video-preview":"max-video-preview:-1"},"canonical":"https:\/\/acarkereste.com\/?page_id=4151","og_locale":"tr_TR","og_type":"article","og_title":"Al\u0131n Tahtas\u0131 - Acar Orman \u00dcr\u00fcnleri","og_description":"Al\u0131n Tahtas\u0131 \u00fcr\u00fcn\u00fcm\u00fcz belirlenmi\u015f \u00f6l\u00e7\u00fclerde adet olarak sat\u0131lmakta olup istedi\u011finiz adette bulunmaktad\u0131r.\u00a0Fiyat teklifi al.","og_url":"https:\/\/acarkereste.com\/?page_id=4151","og_site_name":"Acar Orman","article_modified_time":"2022-09-07T14:18:57+00:00","og_image":[{"width":1080,"height":1080,"url":"https:\/\/acarkereste.com\/wp-content\/uploads\/2021\/01\/alin-tahtasi-3.jpg","type":"image\/jpeg"}],"twitter_misc":{"Tahmini okuma s\u00fcresi":"1 dakika"},"schema":{"@context":"https:\/\/schema.org","@graph":[{"@type":"WebPage","@id":"https:\/\/acarkereste.com\/?page_id=4151","url":"https:\/\/acarkereste.com\/?page_id=4151","name":"Al\u0131n Tahtas\u0131 - Acar Orman \u00dcr\u00fcnleri","isPartOf":{"@id":"https:\/\/acarkereste.com\/#website"},"primaryImageOfPage":{"@id":"https:\/\/acarkereste.com\/?page_id=4151#primaryimage"},"image":{"@id":"https:\/\/acarkereste.com\/?page_id=4151#primaryimage"},"thumbnailUrl":"https:\/\/acarkereste.com\/wp-content\/uploads\/2021\/01\/alin-tahtasi-3.jpg","datePublished":"2021-01-27T14:24:11+00:00","dateModified":"2022-09-07T14:18:57+00:00","description":"Al\u0131n Tahtas\u0131 \u00fcr\u00fcn\u00fcm\u00fcz belirlenmi\u015f \u00f6l\u00e7\u00fclerde adet olarak sat\u0131lmakta olup istedi\u011finiz adette bulunmaktad\u0131r.\u00a0Fiyat teklifi al.","breadcrumb":{"@id":"https:\/\/acarkereste.com\/?page_id=4151#breadcrumb"},"inLanguage":"tr","potentialAction":[{"@type":"ReadAction","target":["https:\/\/acarkereste.com\/?page_id=4151"]}]},{"@type":"ImageObject","inLanguage":"tr","@id":"https:\/\/acarkereste.com\/?page_id=4151#primaryimage","url":"https:\/\/acarkereste.com\/wp-content\/uploads\/2021\/01\/alin-tahtasi-3.jpg","contentUrl":"https:\/\/acarkereste.com\/wp-content\/uploads\/2021\/01\/alin-tahtasi-3.jpg","width":1080,"height":1080,"caption":"Al\u0131n Tahtas\u0131 Kapak G\u00f6rseli"},{"@type":"BreadcrumbList","@id":"https:\/\/acarkereste.com\/?page_id=4151#breadcrumb","itemListElement":[{"@type":"ListItem","position":1,"name":"Ana Sayfa","item":"https:\/\/acarkereste.com\/"},{"@type":"ListItem","position":2,"name":"\u00dcr\u00fcnler","item":"https:\/\/acarkereste.com\/?page_id=32"},{"@type":"ListItem","position":3,"name":"Al\u0131n Tahtas\u0131"}]},{"@type":"WebSite","@id":"https:\/\/acarkereste.com\/#website","url":"https:\/\/acarkereste.com\/","name":"Acar Orman","description":"Lambri &amp; Kereste \u00dcr\u00fcnleri","publisher":{"@id":"https:\/\/acarkereste.com\/#organization"},"potentialAction":[{"@type":"SearchAction","target":{"@type":"EntryPoint","urlTemplate":"https:\/\/acarkereste.com\/?s={search_term_string}"},"query-input":"required name=search_term_string"}],"inLanguage":"tr"},{"@type":"Organization","@id":"https:\/\/acarkereste.com\/#organization","name":"G\u00fcner Oto","url":"https:\/\/acarkereste.com\/","logo":{"@type":"ImageObject","inLanguage":"tr","@id":"https:\/\/acarkereste.com\/#\/schema\/logo\/image\/","url":"","contentUrl":"","caption":"G\u00fcner Oto"},"image":{"@id":"https:\/\/acarkereste.com\/#\/schema\/logo\/image\/"}}]}},"_links":{"self":[{"href":"https:\/\/acarkereste.com\/index.php?rest_route=\/wp\/v2\/pages\/4151","targetHints":{"allow":["GET"]}}],"collection":[{"href":"https:\/\/acarkereste.com\/index.php?rest_route=\/wp\/v2\/pages"}],"about":[{"href":"https:\/\/acarkereste.com\/index.php?rest_route=\/wp\/v2\/types\/page"}],"author":[{"embeddable":true,"href":"https:\/\/acarkereste.com\/index.php?rest_route=\/wp\/v2\/users\/14"}],"replies":[{"embeddable":true,"href":"https:\/\/acarkereste.com\/index.php?rest_route=%2Fwp%2Fv2%2Fcomments&post=4151"}],"version-history":[{"count":0,"href":"https:\/\/acarkereste.com\/index.php?rest_route=\/wp\/v2\/pages\/4151\/revisions"}],"up":[{"embeddable":true,"href":"https:\/\/acarkereste.com\/index.php?rest_route=\/wp\/v2\/pages\/32"}],"wp:featuredmedia":[{"embeddable":true,"href":"https:\/\/acarkereste.com\/index.php?rest_route=\/wp\/v2\/media\/4158"}],"wp:attachment":[{"href":"https:\/\/acarkereste.com\/index.php?rest_route=%2Fwp%2Fv2%2Fmedia&parent=4151"}],"curies":[{"name":"wp","href":"https:\/\/api.w.org\/{rel}","templated":true}]}}