{"id":1243,"date":"2017-12-15T19:17:08","date_gmt":"2017-12-15T16:17:08","guid":{"rendered":"https:\/\/acarkereste.com\/?page_id=1243"},"modified":"2020-11-27T22:57:54","modified_gmt":"2020-11-27T19:57:54","slug":"sss","status":"publish","type":"page","link":"https:\/\/acarkereste.com\/?page_id=1243","title":{"rendered":"SSS"},"content":{"rendered":"<h2>S\u0131k\u00e7a Sorulan Sorular<\/h2>\n<p>Acar Orman \u00dcr\u00fcnleri hizmeti almak istiyorsunuz ama kafan\u0131za tak\u0131lan baz\u0131 sorular m\u0131 var ?<\/p>\n","protected":false},"excerpt":{"rendered":"<p>S\u0131k\u00e7a Sorulan Sorular Acar Orman \u00dcr\u00fcnleri hizmeti almak istiyorsunuz ama kafan\u0131za tak\u0131lan baz\u0131 sorular m\u0131 var ?<\/p>\n","protected":false},"author":14,"featured_media":0,"parent":0,"menu_order":21,"comment_status":"closed","ping_status":"closed","template":"page-sss.php","meta":{"_joinchat":[],"footnotes":""},"class_list":["post-1243","page","type-page","status-publish","hentry"],"acf":[],"yoast_head":"<!-- This site is optimized with the Yoast SEO plugin v23.0 - https:\/\/yoast.com\/wordpress\/plugins\/seo\/ -->\n<title>Orman \u00dcr\u00fcnleri S\u0131k\u00e7a Sorulan Sorular - Acarorman&#039;da!<\/title>\n<meta name=\"description\" content=\"Acar Orman \u00dcr\u00fcnleri ile ilgili akl\u0131n\u0131za tak\u0131lan sorular\u0131n t\u00fcm\u00fcne cevap vermeye \u00e7al\u0131\u015ft\u0131k. G\u00f6r\u00fc\u015fleriniz i\u00e7in bizimle ileti\u015fime ge\u00e7ebilirsiniz.\" \/>\n<meta name=\"robots\" content=\"index, follow, max-snippet:-1, max-image-preview:large, max-video-preview:-1\" \/>\n<link rel=\"canonical\" href=\"https:\/\/acarkereste.com\/?page_id=1243\" \/>\n<meta property=\"og:locale\" content=\"tr_TR\" \/>\n<meta property=\"og:type\" content=\"article\" \/>\n<meta property=\"og:title\" content=\"Orman \u00dcr\u00fcnleri S\u0131k\u00e7a Sorulan Sorular - Acarorman&#039;da!\" \/>\n<meta property=\"og:description\" content=\"Acar Orman \u00dcr\u00fcnleri ile ilgili akl\u0131n\u0131za tak\u0131lan sorular\u0131n t\u00fcm\u00fcne cevap vermeye \u00e7al\u0131\u015ft\u0131k. G\u00f6r\u00fc\u015fleriniz i\u00e7in bizimle ileti\u015fime ge\u00e7ebilirsiniz.\" \/>\n<meta property=\"og:url\" content=\"https:\/\/acarkereste.com\/?page_id=1243\" \/>\n<meta property=\"og:site_name\" content=\"Acar Orman\" \/>\n<meta property=\"article:modified_time\" content=\"2020-11-27T19:57:54+00:00\" \/>\n<script type=\"application\/ld+json\" class=\"yoast-schema-graph\">{\"@context\":\"https:\/\/schema.org\",\"@graph\":[{\"@type\":\"WebPage\",\"@id\":\"https:\/\/acarkereste.com\/?page_id=1243\",\"url\":\"https:\/\/acarkereste.com\/?page_id=1243\",\"name\":\"Orman \u00dcr\u00fcnleri S\u0131k\u00e7a Sorulan Sorular - Acarorman'da!\",\"isPartOf\":{\"@id\":\"https:\/\/acarkereste.com\/#website\"},\"datePublished\":\"2017-12-15T16:17:08+00:00\",\"dateModified\":\"2020-11-27T19:57:54+00:00\",\"description\":\"Acar Orman \u00dcr\u00fcnleri ile ilgili akl\u0131n\u0131za tak\u0131lan sorular\u0131n t\u00fcm\u00fcne cevap vermeye \u00e7al\u0131\u015ft\u0131k. G\u00f6r\u00fc\u015fleriniz i\u00e7in bizimle ileti\u015fime ge\u00e7ebilirsiniz.\",\"breadcrumb\":{\"@id\":\"https:\/\/acarkereste.com\/?page_id=1243#breadcrumb\"},\"inLanguage\":\"tr\",\"potentialAction\":[{\"@type\":\"ReadAction\",\"target\":[\"https:\/\/acarkereste.com\/?page_id=1243\"]}]},{\"@type\":\"BreadcrumbList\",\"@id\":\"https:\/\/acarkereste.com\/?page_id=1243#breadcrumb\",\"itemListElement\":[{\"@type\":\"ListItem\",\"position\":1,\"name\":\"Ana Sayfa\",\"item\":\"https:\/\/acarkereste.com\/\"},{\"@type\":\"ListItem\",\"position\":2,\"name\":\"SSS\"}]},{\"@type\":\"WebSite\",\"@id\":\"https:\/\/acarkereste.com\/#website\",\"url\":\"https:\/\/acarkereste.com\/\",\"name\":\"Acar Orman\",\"description\":\"Lambri &amp; Kereste \u00dcr\u00fcnleri\",\"publisher\":{\"@id\":\"https:\/\/acarkereste.com\/#organization\"},\"potentialAction\":[{\"@type\":\"SearchAction\",\"target\":{\"@type\":\"EntryPoint\",\"urlTemplate\":\"https:\/\/acarkereste.com\/?s={search_term_string}\"},\"query-input\":\"required name=search_term_string\"}],\"inLanguage\":\"tr\"},{\"@type\":\"Organization\",\"@id\":\"https:\/\/acarkereste.com\/#organization\",\"name\":\"G\u00fcner Oto\",\"url\":\"https:\/\/acarkereste.com\/\",\"logo\":{\"@type\":\"ImageObject\",\"inLanguage\":\"tr\",\"@id\":\"https:\/\/acarkereste.com\/#\/schema\/logo\/image\/\",\"url\":\"\",\"contentUrl\":\"\",\"caption\":\"G\u00fcner Oto\"},\"image\":{\"@id\":\"https:\/\/acarkereste.com\/#\/schema\/logo\/image\/\"}}]}<\/script>\n<!-- \/ Yoast SEO plugin. -->","yoast_head_json":{"title":"Orman \u00dcr\u00fcnleri S\u0131k\u00e7a Sorulan Sorular - Acarorman'da!","description":"Acar Orman \u00dcr\u00fcnleri ile ilgili akl\u0131n\u0131za tak\u0131lan sorular\u0131n t\u00fcm\u00fcne cevap vermeye \u00e7al\u0131\u015ft\u0131k. G\u00f6r\u00fc\u015fleriniz i\u00e7in bizimle ileti\u015fime ge\u00e7ebilirsiniz.","robots":{"index":"index","follow":"follow","max-snippet":"max-snippet:-1","max-image-preview":"max-image-preview:large","max-video-preview":"max-video-preview:-1"},"canonical":"https:\/\/acarkereste.com\/?page_id=1243","og_locale":"tr_TR","og_type":"article","og_title":"Orman \u00dcr\u00fcnleri S\u0131k\u00e7a Sorulan Sorular - Acarorman'da!","og_description":"Acar Orman \u00dcr\u00fcnleri ile ilgili akl\u0131n\u0131za tak\u0131lan sorular\u0131n t\u00fcm\u00fcne cevap vermeye \u00e7al\u0131\u015ft\u0131k. G\u00f6r\u00fc\u015fleriniz i\u00e7in bizimle ileti\u015fime ge\u00e7ebilirsiniz.","og_url":"https:\/\/acarkereste.com\/?page_id=1243","og_site_name":"Acar Orman","article_modified_time":"2020-11-27T19:57:54+00:00","schema":{"@context":"https:\/\/schema.org","@graph":[{"@type":"WebPage","@id":"https:\/\/acarkereste.com\/?page_id=1243","url":"https:\/\/acarkereste.com\/?page_id=1243","name":"Orman \u00dcr\u00fcnleri S\u0131k\u00e7a Sorulan Sorular - Acarorman'da!","isPartOf":{"@id":"https:\/\/acarkereste.com\/#website"},"datePublished":"2017-12-15T16:17:08+00:00","dateModified":"2020-11-27T19:57:54+00:00","description":"Acar Orman \u00dcr\u00fcnleri ile ilgili akl\u0131n\u0131za tak\u0131lan sorular\u0131n t\u00fcm\u00fcne cevap vermeye \u00e7al\u0131\u015ft\u0131k. G\u00f6r\u00fc\u015fleriniz i\u00e7in bizimle ileti\u015fime ge\u00e7ebilirsiniz.","breadcrumb":{"@id":"https:\/\/acarkereste.com\/?page_id=1243#breadcrumb"},"inLanguage":"tr","potentialAction":[{"@type":"ReadAction","target":["https:\/\/acarkereste.com\/?page_id=1243"]}]},{"@type":"BreadcrumbList","@id":"https:\/\/acarkereste.com\/?page_id=1243#breadcrumb","itemListElement":[{"@type":"ListItem","position":1,"name":"Ana Sayfa","item":"https:\/\/acarkereste.com\/"},{"@type":"ListItem","position":2,"name":"SSS"}]},{"@type":"WebSite","@id":"https:\/\/acarkereste.com\/#website","url":"https:\/\/acarkereste.com\/","name":"Acar Orman","description":"Lambri &amp; Kereste \u00dcr\u00fcnleri","publisher":{"@id":"https:\/\/acarkereste.com\/#organization"},"potentialAction":[{"@type":"SearchAction","target":{"@type":"EntryPoint","urlTemplate":"https:\/\/acarkereste.com\/?s={search_term_string}"},"query-input":"required name=search_term_string"}],"inLanguage":"tr"},{"@type":"Organization","@id":"https:\/\/acarkereste.com\/#organization","name":"G\u00fcner Oto","url":"https:\/\/acarkereste.com\/","logo":{"@type":"ImageObject","inLanguage":"tr","@id":"https:\/\/acarkereste.com\/#\/schema\/logo\/image\/","url":"","contentUrl":"","caption":"G\u00fcner Oto"},"image":{"@id":"https:\/\/acarkereste.com\/#\/schema\/logo\/image\/"}}]}},"_links":{"self":[{"href":"https:\/\/acarkereste.com\/index.php?rest_route=\/wp\/v2\/pages\/1243","targetHints":{"allow":["GET"]}}],"collection":[{"href":"https:\/\/acarkereste.com\/index.php?rest_route=\/wp\/v2\/pages"}],"about":[{"href":"https:\/\/acarkereste.com\/index.php?rest_route=\/wp\/v2\/types\/page"}],"author":[{"embeddable":true,"href":"https:\/\/acarkereste.com\/index.php?rest_route=\/wp\/v2\/users\/14"}],"replies":[{"embeddable":true,"href":"https:\/\/acarkereste.com\/index.php?rest_route=%2Fwp%2Fv2%2Fcomments&post=1243"}],"version-history":[{"count":0,"href":"https:\/\/acarkereste.com\/index.php?rest_route=\/wp\/v2\/pages\/1243\/revisions"}],"wp:attachment":[{"href":"https:\/\/acarkereste.com\/index.php?rest_route=%2Fwp%2Fv2%2Fmedia&parent=1243"}],"curies":[{"name":"wp","href":"https:\/\/api.w.org\/{rel}","templated":true}]}}